a - 420. Calculate the greatest common factor of 21 and a.
21
Suppose -5*r + 0*r + 2194 = 2*z, 2*z + 2206 = 5*r. What is the greatest common factor of 40 and r?
40
Let y(d) = 0*d + 6 - 2*d + 3*d. Let g be y(11). Let r(s) = -s**3 + 18*s**2 - 4*s - 23. Let t be r(g). What is the highest common divisor of t and 18?
18
Suppose t - 237 = -r, -4*r - 2*t - 377 = -1319. What is the greatest common factor of r and 26?
26
Let h = 2695 - 1506. What is the highest common factor of h and 41?
41
Let m(o) = 4*o**2 - 11*o + 6. Let n be m(3). Let h(u) = 4*u + 10. Let c be h(9). Let q be c*(2 + -1) - 1. Calculate the highest common divisor of n and q.
9
Let a be ((-35)/105)/((-1)/453) - -1. What is the greatest common factor of a and 342?
38
Let h = -186 - -192. Let z = 17 + 13. What is the highest common divisor of h and z?
6
Suppose 0 = 3*h - 2*h - 3*v + 5, 0 = 4*v - 16. Let y(f) = -f**2 + 11*f - 8. Let c be y(h). Let s = 115 - 107. Calculate the greatest common factor of c and s.
4
Let g be (-3)/(-6)*52/2. Let m = g + -4. Let u = -2228 + 2300. Calculate the greatest common factor of m and u.
9
Let y(o) = 6*o**3 - 3*o**2 + 6*o + 3. Let j(i) = i + 1. Let q(u) = -3*j(u) + y(u). Let d be q(2). Calculate the greatest common divisor of 14 and d.
14
Let m = -42 - -38. Let c be (m - (-3)/(-2))*-6. What is the highest common divisor of 22 and c?
11
Let m = 55 - 46. What is the greatest common divisor of 99 and m?
9
Suppose -4*q = t - 105 + 20, 4*q - 377 = -5*t. Calculate the greatest common factor of t and 803.
73
Suppose p = 5*f - 1015, 2*f - 5*f + 597 = -3*p. Suppose 18*s - f = s. Calculate the highest common factor of 16 and s.
4
Suppose -3*d = 6, 4*b - 2*d - 22 = d. What is the greatest common divisor of b and 94?
2
Let d = -114 + 109. Let v(g) = -10*g - 15. Let n be v(d). Calculate the highest common divisor of 14 and n.
7
Suppose -39 = -5*y - 29, r = -2*y + 216. Calculate the greatest common factor of r and 159.
53
Let s(q) = -q**3 + 18*q**2 - 21*q + 17. Let t be s(16). Suppose -2*g = 4*f - 256, -3*f - 1 + t = -3*g. What is the highest common factor of 8 and f?
8
Let b = 119 + -114. What is the greatest common factor of 15 and b?
5
Let k be 8/(-4)*(-1 + 3). Let v be k/(-56)*-4 - (-191)/7. Let n be -3*1*-3 - 0. Calculate the greatest common divisor of n and v.
9
Let u = -3939 + 6433. What is the greatest common divisor of 86 and u?
86
Let s(x) = 3*x**2 + 4*x + 5. Let n be s(3). What is the greatest common factor of n and 374?
22
Suppose -y = y - 58. Suppose x - 7 = -3*o, 19 = -5*x - 6. Suppose 6*q - o*q - 58 = 0. Calculate the highest common factor of y and q.
29
Let c be 8/12*(-8 - -2)/(-1). What is the greatest common divisor of 36 and c?
4
Let g be 12 - ((-21)/(-28) - 10/(-8)). Suppose -g*q - 528 = -16*q. What is the greatest common divisor of 8 and q?
8
Let h(n) = 4*n**2 + 3*n - 2. Let y be h(-3). Let g = -43 - -40. Let v be 2/g - (80/(-12) - 4). What is the greatest common factor of v and y?
5
Let n(b) = b**2 + 7*b + 22. Let w be n(-10). Suppose -f - 2*j + 19 = 0, -4*f + w = -f + 5*j. Calculate the highest common divisor of f and 9.
9
Suppose k - 60 = -3*k. Let b = k + -11. Suppose 0 = -b*z - 9 + 53. What is the highest common divisor of 22 and z?
11
Let i(j) = -j**2 + 16*j - 36. Let o be i(15). Let z = 5 - o. What is the greatest common factor of z and 26?
26
Let u(v) = v**3 - 5*v**2 - 4. Let t be u(5). Let b be t*(6/(-3) + 1). Calculate the greatest common factor of b and 8.
4
Suppose 69 = 3*c - 57. Suppose c = f - 14. Let t(d) = -d**2 - 11*d - 11. Let w be t(-9). What is the highest common factor of w and f?
7
Let r(q) = -q**3 + 6*q**2 + 16*q + 14. Let z be r(8). Let u = -6 - -7. Let b be ((-3)/(-2))/(u/14). Calculate the greatest common factor of b and z.
7
Let j = 228 + -146. Calculate the greatest common divisor of j and 123.
41
Let q(w) = w**2 - 42. Let b be q(0). Let d be 14/b + 151/3. Let k = d - 17. Calculate the highest common divisor of k and 297.
33
Let c be ((-16)/(-2))/(41/1189). Calculate the highest common factor of c and 48.
8
Let b(a) = -7*a + 1 - 5 + a**2 + 1 + a. Let i be b(11). What is the highest common divisor of i and 78?
26
Let o be ((-4)/(-8))/((-2)/(-132)). Suppose -o = 5*x - 3. Let g(z) = -10*z - 5. Let r be g(x). Calculate the greatest common factor of r and 11.
11
Let m = 1658 + -1586. Suppose -3*c + 100 = 2*c. Suppose 3*a - 7 = c. What is the highest common factor of a and m?
9
Let u = -186 + 75. Let f = -69 - u. What is the highest common factor of f and 6?
6
Let j = -46 + 45. Let n = 7 - j. Calculate the highest common factor of n and 72.
8
Suppose -o = -l - 152, -2*l - 12 = 3*o + 267. Let j = 33 - l. Suppose -98*r - 74*r = -3440. What is the highest common factor of r and j?
20
Suppose 4*b - 2*q = -6*q + 104, 0 = -3*q. Calculate the greatest common divisor of 299 and b.
13
Suppose -335*c - 3240 = -340*c. What is the greatest common divisor of c and 96?
24
Let k = -57 + 60. Suppose k*x - 21*x = -810. What is the highest common factor of 9 and x?
9
Let u = -10 + 24. Suppose 10762 - 3860 = 29*b. What is the highest common divisor of u and b?
14
Let u be 11*2*(8 + -5). Calculate the greatest common factor of 11 and u.
11
Let n(y) = -y**3 - 11*y**2 + 21*y + 7. Let h be n(-14). Calculate the greatest common factor of h and 7.
7
Let h(w) = -4*w - 5*w**3 - 8*w**2 - 11 + 15*w**2 + 4*w**3. Let t be h(6). Calculate the highest common factor of t and 13.
1
Let b(r) = r**3 + 18*r**2 + 5*r - 180. Let u be b(-17). Suppose 32 = 8*i - 3*i - 2*n, 4*n = 3*i - 22. What is the highest common divisor of i and u?
6
Let t(v) = -8*v + 61. Let a be t(8). Let z be (3/1)/(a*4/(-36)). What is the greatest common divisor of z and 36?
9
Suppose -y + 1 = -2*i, 2*i - 7 = 4*y + 1. Let m be (-1)/(3/(-353 - i)). Let c be (-1)/(-3)*(-1 - -40). What is the highest common divisor of m and c?
13
Let o = -181 - -182. Let q be 100/36 + (-2)/(-9). Let f be -2*2*q/(-6). What is the highest common factor of o and f?
1
Suppose 3*v = z - 1089, -9*z + v - 5413 = -14*z. Calculate the highest common factor of z and 57.
57
Let q = -1670 - -1720. Calculate the highest common factor of 375 and q.
25
Let p = 1448 + -1432. Let k = -92 - -172. What is the greatest common factor of k and p?
16
Suppose -256 = 3*d - 19*d. Let h be (0 + 1 - 1)/(-3). Suppose -2*r - 2*r + 192 = h. What is the highest common divisor of r and d?
16
Let k(f) = -f + 10. Let a be k(13). Let l(c) = c**3 + 7*c**2 + c. Let p be l(a). Calculate the greatest common factor of p and 3.
3
Suppose 6*r - 9 = 9. Suppose 3*b + 5*j = 72 + 283, -r*b + 315 = -3*j. What is the highest common factor of 11 and b?
11
Let h = -945 - -951. What is the greatest common factor of h and 150?
6
Suppose -7 - 12 = -4*r + p, -3*r - 5*p + 20 = 0. Suppose r*s + 22 - 152 = 0. What is the highest common divisor of 78 and s?
26
Let y = -2010 - -2588. What is the highest common factor of 68 and y?
34
Suppose 0 = -5*c + 2*f + 1888, 5*c - 4*f - 2075 = -179. Let b be (-2 + c)*(-2)/(-4). Suppose 129 = 12*i - 75. What is the highest common factor of b and i?
17
Let r be 4 + (-3)/(4 - 138/30). Suppose 4*f - 198 = 2*f. Calculate the greatest common divisor of r and f.
9
Suppose -7*k = -3*k - 456. Suppose -36 - k = -3*v. What is the highest common divisor of 125 and v?
25
Let r = 626 - -302. Calculate the greatest common divisor of r and 32.
32
Let k(i) = -i**3 - 5*i**2 - 8*i - 4. Let h be k(-2). Suppose h = -4*d + 5*w + 16, 0 = d - 2*w + 3*w - 13. What is the greatest common divisor of d and 279?
9
Suppose -48*d + 2700 = 27*d. What is the greatest common divisor of d and 4932?
36
Let y = -8914 + 8929. Let m(o) = o**3 + o**2 - 156. Let l be m(0). Let q = -6 - l. Calculate the highest common divisor of q and y.
15
Let u = 100 - 76. What is the highest common factor of 600 and u?
24
Let f(l) = -2*l - 25. Let y be f(-14). Let t be y*(-2 + 1 + (-10)/(-6)). What is the highest common factor of t and 22?
2
Let b be ((-1)/(-2))/((-8)/(-1296)). Calculate the greatest common divisor of b and 54.
27
Let d(m) = 2*m - 2. Suppose 4*p + 2*l = 12, p = -0*l + 4*l - 15. Let r be d(p). Let f = 21 - r. What is the greatest common factor of 7 and f?
7
Suppose -3*b - 9 + 30 = 0. Suppose -2*j = -b + 1. Suppose -86 = -j*k + 3*f + 157, -244 = -3*k + 4*f. What is the